{"id":129,"date":"2017-12-16T18:04:31","date_gmt":"2017-12-16T18:04:31","guid":{"rendered":"https:\/\/rabassaarquitectura.com\/?post_type=project&#038;p=129"},"modified":"2024-01-20T12:35:04","modified_gmt":"2024-01-20T10:35:04","slug":"colegio-san-cayetano-palma-de-mallorca-2017","status":"publish","type":"project","link":"https:\/\/rabassaarquitectura.com\/?project=colegio-san-cayetano-palma-de-mallorca-2017","title":{"rendered":"COLEGIO SAN CAYETANO"},"content":{"rendered":"<p>[et_pb_section fb_built=\u00bb1&#8243; _builder_version=\u00bb4.16&#8243; global_colors_info=\u00bb{}\u00bb][et_pb_row column_structure=\u00bb1_2,1_2&#8243; _builder_version=\u00bb4.16&#8243; background_size=\u00bbinitial\u00bb background_position=\u00bbtop_left\u00bb background_repeat=\u00bbrepeat\u00bb global_colors_info=\u00bb{}\u00bb][et_pb_column type=\u00bb1_2&#8243; _builder_version=\u00bb4.16&#8243; custom_padding=\u00bb|||\u00bb global_colors_info=\u00bb{}\u00bb custom_padding__hover=\u00bb|||\u00bb][et_pb_gallery gallery_ids=\u00bb495,493,494,492&#8243; fullwidth=\u00bbon\u00bb _builder_version=\u00bb4.16&#8243; pagination_font_size_tablet=\u00bb51&#8243; pagination_line_height_tablet=\u00bb2&#8243; global_colors_info=\u00bb{}\u00bb][\/et_pb_gallery][\/et_pb_column][et_pb_column type=\u00bb1_2&#8243; _builder_version=\u00bb4.16&#8243; custom_padding=\u00bb|||\u00bb global_colors_info=\u00bb{}\u00bb custom_padding__hover=\u00bb|||\u00bb][et_pb_post_title meta=\u00bboff\u00bb featured_image=\u00bboff\u00bb _builder_version=\u00bb4.24.0&#8243; _module_preset=\u00bbdefault\u00bb global_colors_info=\u00bb{}\u00bb][\/et_pb_post_title][et_pb_text _builder_version=\u00bb4.16&#8243; global_colors_info=\u00bb{}\u00bb]<strong>Fase proyecto de ejecuci\u00f3n<\/strong><\/p>\n<p>Proyecto de ampliaci\u00f3n de un colegio con un nuevo aulario para bachillerato en Palma de Mallorca. Se plantea la ampliaci\u00f3n a trav\u00e9s de un volumen de dos plantas y geometr\u00eda cuadrangular que a su vez est\u00e1 atravesado en su centro por unos cilindros que emergen en planta baja y planta cubierta, un auditorio, sala polivalente y espacios auxiliares alrededor de los cuales se estructura todo el programa del aulario. La cubierta, que ejerce de patio con vistas al mar, se sombrea con una p\u00e9rgola curvil\u00ednea de placas fotovoltaicas que suministraran la energ\u00eda necesaria para el funcionamiento del edificio. La conexi\u00f3n entre la preexistencia y el nuevo edificio se realiza a trav\u00e9s de la planta s\u00f3tano y por debajo de la plaza de acceso de ambas edificaciones.<\/p>\n<div id=\"s3gt_translate_tooltip_mini\" class=\"s3gt_translate_tooltip_mini_box\" style=\"background: initial !important; border: initial !important; border-radius: initial !important; border-spacing: initial !important; border-collapse: initial !important; direction: ltr !important; flex-direction: initial !important; font-weight: initial !important; height: initial !important; letter-spacing: initial !important; min-width: initial !important; max-width: initial !important; min-height: initial !important; max-height: initial !important; margin: auto !important; outline: initial !important; padding: initial !important; position: absolute; table-layout: initial !important; text-align: initial !important; text-shadow: initial !important; width: initial !important; word-break: initial !important; word-spacing: initial !important; overflow-wrap: initial !important; box-sizing: initial !important; display: initial !important; color: inherit !important; font-size: 13px !important; font-family: X-LocaleSpecific, sans-serif, Tahoma, Helvetica !important; line-height: 13px !important; vertical-align: top !important; white-space: inherit !important; left: 31px; top: 47px; opacity: 0.25;\">\n<div id=\"s3gt_translate_tooltip_mini_logo\" class=\"s3gt_translate_tooltip_mini\" title=\"Traducir texto seleccionado\"><\/div>\n<div id=\"s3gt_translate_tooltip_mini_sound\" class=\"s3gt_translate_tooltip_mini\" title=\"Escuchar\"><\/div>\n<div id=\"s3gt_translate_tooltip_mini_copy\" class=\"s3gt_translate_tooltip_mini\" title=\"Copiar texto al Portapapeles\"><\/div>\n<\/div>\n<p>[\/et_pb_text][et_pb_text admin_label=\u00bbBotones navegaci\u00f3n PROYECTOS\u00bb _builder_version=\u00bb4.16&#8243; z_index_tablet=\u00bb500&#8243; global_colors_info=\u00bb{}\u00bb]<a href=\"https:\/\/rabassaarquitectura.com\/project\/cupra\/\">ANTERIOR<\/a> | <a href=\"https:\/\/rabassaarquitectura.com\/project\/house-11-house-13-sant-cugat-2016\/\">SIGUIENTE<\/a> | <a href=\"https:\/\/rabassaarquitectura.com\/proyectos\/\">PROYECTOS<\/a><br \/>\n[\/et_pb_text][\/et_pb_column][\/et_pb_row][\/et_pb_section]<\/p>\n","protected":false},"excerpt":{"rendered":"<p>Fase proyecto de ejecuci\u00f3n Proyecto de ampliaci\u00f3n de un colegio con un nuevo aulario para bachillerato en Palma de Mallorca. Se plantea la ampliaci\u00f3n a trav\u00e9s de un volumen de dos plantas y geometr\u00eda cuadrangular que a su vez est\u00e1 atravesado en su centro por unos cilindros que emergen en planta baja y planta cubierta, [&hellip;]<\/p>\n","protected":false},"author":1,"featured_media":495,"comment_status":"open","ping_status":"closed","template":"","meta":{"_et_pb_use_builder":"on","_et_pb_old_content":"","_et_gb_content_width":"","footnotes":""},"project_category":[6],"project_tag":[],"class_list":["post-129","project","type-project","status-publish","has-post-thumbnail","hentry","project_category-proyectos"],"_links":{"self":[{"href":"https:\/\/rabassaarquitectura.com\/index.php?rest_route=\/wp\/v2\/project\/129","targetHints":{"allow":["GET"]}}],"collection":[{"href":"https:\/\/rabassaarquitectura.com\/index.php?rest_route=\/wp\/v2\/project"}],"about":[{"href":"https:\/\/rabassaarquitectura.com\/index.php?rest_route=\/wp\/v2\/types\/project"}],"author":[{"embeddable":true,"href":"https:\/\/rabassaarquitectura.com\/index.php?rest_route=\/wp\/v2\/users\/1"}],"replies":[{"embeddable":true,"href":"https:\/\/rabassaarquitectura.com\/index.php?rest_route=%2Fwp%2Fv2%2Fcomments&post=129"}],"version-history":[{"count":3,"href":"https:\/\/rabassaarquitectura.com\/index.php?rest_route=\/wp\/v2\/project\/129\/revisions"}],"predecessor-version":[{"id":1069,"href":"https:\/\/rabassaarquitectura.com\/index.php?rest_route=\/wp\/v2\/project\/129\/revisions\/1069"}],"wp:featuredmedia":[{"embeddable":true,"href":"https:\/\/rabassaarquitectura.com\/index.php?rest_route=\/wp\/v2\/media\/495"}],"wp:attachment":[{"href":"https:\/\/rabassaarquitectura.com\/index.php?rest_route=%2Fwp%2Fv2%2Fmedia&parent=129"}],"wp:term":[{"taxonomy":"project_category","embeddable":true,"href":"https:\/\/rabassaarquitectura.com\/index.php?rest_route=%2Fwp%2Fv2%2Fproject_category&post=129"},{"taxonomy":"project_tag","embeddable":true,"href":"https:\/\/rabassaarquitectura.com\/index.php?rest_route=%2Fwp%2Fv2%2Fproject_tag&post=129"}],"curies":[{"name":"wp","href":"https:\/\/api.w.org\/{rel}","templated":true}]}}

<p>[et_pb_section fb_built=»1&#8243; _builder_version=»4.16&#8243; global_colors_info=»{}»][et_pb_row column_structure=»1_2,1_2&#8243; _builder_version=»4.16&#8243; background_size=»initial» background_position=»top_left» background_repeat=»repeat» global_colors_info=»{}»][et_pb_column type=»1_2&#8243; _builder_version=»4.16&#8243; custom_padding=»|||» global_colors_info=»{}» custom_padding__hover=»|||»][et_pb_gallery gallery_ids=»495,493,494,492&#8243; fullwidth=»on» _builder_version=»4.16&#8243; pagination_font_size_tablet=»51&#8243; pagination_line_height_tablet=»2&#8243; global_colors_info=»{}»][/et_pb_gallery][/et_pb_column][et_pb_column type=»1_2&#8243; _builder_version=»4.16&#8243; custom_padding=»|||» global_colors_info=»{}» custom_padding__hover=»|||»][et_pb_post_title meta=»off» featured_image=»off» _builder_version=»4.24.0&#8243; _module_preset=»default» global_colors_info=»{}»][/et_pb_post_title][et_pb_text _builder_version=»4.16&#8243; global_colors_info=»{}»]<strong>Fase proyecto de ejecución</strong></p>
<p>Proyecto de ampliación de un colegio con un nuevo aulario para bachillerato en Palma de Mallorca. Se plantea la ampliación a través de un volumen de dos plantas y geometría cuadrangular que a su vez está atravesado en su centro por unos cilindros que emergen en planta baja y planta cubierta, un auditorio, sala polivalente y espacios auxiliares alrededor de los cuales se estructura todo el programa del aulario. La cubierta, que ejerce de patio con vistas al mar, se sombrea con una pérgola curvilínea de placas fotovoltaicas que suministraran la energía necesaria para el funcionamiento del edificio. La conexión entre la preexistencia y el nuevo edificio se realiza a través de la planta sótano y por debajo de la plaza de acceso de ambas edificaciones.</p>
<div id="s3gt_translate_tooltip_mini" class="s3gt_translate_tooltip_mini_box" style="background: initial !important; border: initial !important; border-radius: initial !important; border-spacing: initial !important; border-collapse: initial !important; direction: ltr !important; flex-direction: initial !important; font-weight: initial !important; height: initial !important; letter-spacing: initial !important; min-width: initial !important; max-width: initial !important; min-height: initial !important; max-height: initial !important; margin: auto !important; outline: initial !important; padding: initial !important; position: absolute; table-layout: initial !important; text-align: initial !important; text-shadow: initial !important; width: initial !important; word-break: initial !important; word-spacing: initial !important; overflow-wrap: initial !important; box-sizing: initial !important; display: initial !important; color: inherit !important; font-size: 13px !important; font-family: X-LocaleSpecific, sans-serif, Tahoma, Helvetica !important; line-height: 13px !important; vertical-align: top !important; white-space: inherit !important; left: 31px; top: 47px; opacity: 0.25;">
<div id="s3gt_translate_tooltip_mini_logo" class="s3gt_translate_tooltip_mini" title="Traducir texto seleccionado"></div>
<div id="s3gt_translate_tooltip_mini_sound" class="s3gt_translate_tooltip_mini" title="Escuchar"></div>
<div id="s3gt_translate_tooltip_mini_copy" class="s3gt_translate_tooltip_mini" title="Copiar texto al Portapapeles"></div>
</div>
<p>[/et_pb_text][et_pb_text admin_label=»Botones navegación PROYECTOS» _builder_version=»4.16&#8243; z_index_tablet=»500&#8243; global_colors_info=»{}»]<a href="https://rabassaarquitectura.com/project/cupra/">ANTERIOR</a> | <a href="https://rabassaarquitectura.com/project/house-11-house-13-sant-cugat-2016/">SIGUIENTE</a> | <a href="https://rabassaarquitectura.com/proyectos/">PROYECTOS</a><br />
[/et_pb_text][/et_pb_column][/et_pb_row][/et_pb_section]</p>

<p>Fase proyecto de ejecución Proyecto de ampliación de un colegio con un nuevo aulario para bachillerato en Palma de Mallorca. Se plantea la ampliación a través de un volumen de dos plantas y geometría cuadrangular que a su vez está atravesado en su centro por unos cilindros que emergen en planta baja y planta cubierta, [&hellip;]</p>
