{"id":190,"date":"2017-12-17T09:18:41","date_gmt":"2017-12-17T09:18:41","guid":{"rendered":"https:\/\/rabassaarquitectura.com\/?post_type=project&#038;p=190"},"modified":"2024-01-20T14:12:08","modified_gmt":"2024-01-20T12:12:08","slug":"house-17-sant-cugat-2006-cocos","status":"publish","type":"project","link":"https:\/\/rabassaarquitectura.com\/?project=house-17-sant-cugat-2006-cocos","title":{"rendered":"HOUSE 17 &#8211; COCOS"},"content":{"rendered":"<p>[et_pb_section fb_built=\u00bb1&#8243; _builder_version=\u00bb4.16&#8243; global_colors_info=\u00bb{}\u00bb][et_pb_row _builder_version=\u00bb4.16&#8243; background_size=\u00bbinitial\u00bb background_position=\u00bbtop_left\u00bb background_repeat=\u00bbrepeat\u00bb global_colors_info=\u00bb{}\u00bb column_structure=\u00bb1_2,1_2&#8243;][et_pb_column type=\u00bb1_2&#8243; _builder_version=\u00bb4.16&#8243; custom_padding=\u00bb|||\u00bb global_colors_info=\u00bb{}\u00bb custom_padding__hover=\u00bb|||\u00bb][et_pb_gallery gallery_ids=\u00bb192,193,194,195,196&#8243; fullwidth=\u00bbon\u00bb _builder_version=\u00bb4.16&#8243; pagination_font_size_tablet=\u00bb51&#8243; pagination_line_height_tablet=\u00bb2&#8243; global_colors_info=\u00bb{}\u00bb][\/et_pb_gallery][\/et_pb_column][et_pb_column type=\u00bb1_2&#8243; _builder_version=\u00bb4.16&#8243; custom_padding=\u00bb|||\u00bb global_colors_info=\u00bb{}\u00bb custom_padding__hover=\u00bb|||\u00bb][et_pb_post_title _builder_version=\u00bb4.24.0&#8243; _module_preset=\u00bbdefault\u00bb meta=\u00bboff\u00bb featured_image=\u00bboff\u00bb hover_enabled=\u00bb0&#8243; sticky_enabled=\u00bb0&#8243;][\/et_pb_post_title][et_pb_text _builder_version=\u00bb4.16&#8243; global_colors_info=\u00bb{}\u00bb]<strong>Obra construida<br \/>\n<\/strong><\/p>\n<p>Proyecto de una vivienda unifamiliar estructurada en tres niveles para unos clientes que no pod\u00edan tomar el sol por motivos de salud. Este factor propici\u00f3 que la planta baja, que se relaciona con el jard\u00edn, fuera muy vidriada pero con porches que la protegieran incluso sobre la piscina. La planta noble es el n\u00facleo principal d\u00f3nde se desarrolla el programa m\u00e1s p\u00fablico: estar-comedor, cocina, etc. Esta planta ejerce de s\u00f3calo acristalado sobre el que reposa el volumen de la planta segunda, de car\u00e1cter m\u00e1s privado, y con otras dos habitaciones que se abren al exterior por las esquinas. Por su parte el s\u00f3tano aprovecha el desnivel del terreno y aparte del p\u00e1rking asume parte del programa habitacional de la casa.<\/p>\n<div id=\"s3gt_translate_tooltip_mini\" class=\"s3gt_translate_tooltip_mini_box\" style=\"background: initial !important; border: initial !important; border-radius: initial !important; border-spacing: initial !important; border-collapse: initial !important; direction: ltr !important; flex-direction: initial !important; font-weight: initial !important; height: initial !important; letter-spacing: initial !important; min-width: initial !important; max-width: initial !important; min-height: initial !important; max-height: initial !important; margin: auto !important; outline: initial !important; padding: initial !important; position: absolute; table-layout: initial !important; text-align: initial !important; text-shadow: initial !important; width: initial !important; word-break: initial !important; word-spacing: initial !important; overflow-wrap: initial !important; box-sizing: initial !important; display: initial !important; color: inherit !important; font-size: 13px !important; font-family: X-LocaleSpecific, sans-serif, Tahoma, Helvetica !important; line-height: 13px !important; vertical-align: top !important; white-space: inherit !important; left: 31px; top: 47px; opacity: 0.25;\">\n<div id=\"s3gt_translate_tooltip_mini_logo\" class=\"s3gt_translate_tooltip_mini\" title=\"Traducir texto seleccionado\"><\/div>\n<div id=\"s3gt_translate_tooltip_mini_sound\" class=\"s3gt_translate_tooltip_mini\" title=\"Escuchar\"><\/div>\n<div id=\"s3gt_translate_tooltip_mini_copy\" class=\"s3gt_translate_tooltip_mini\" title=\"Copiar texto al Portapapeles\"><\/div>\n<\/div>\n<p>[\/et_pb_text][et_pb_text admin_label=\u00bbBotones navegaci\u00f3n PROYECTOS\u00bb _builder_version=\u00bb4.16&#8243; z_index_tablet=\u00bb500&#8243; global_colors_info=\u00bb{}\u00bb]<a href=\"https:\/\/rabassaarquitectura.com\/project\/portes-de-collserola\/\">ANTERIOR<\/a> | <a href=\"https:\/\/rabassaarquitectura.com\/project\/arolas-barcelona-2017\/\">SIGUIENTE<\/a> | <a href=\"https:\/\/rabassaarquitectura.com\/proyectos\/\">PROYECTOS<\/a><br \/>\n[\/et_pb_text][\/et_pb_column][\/et_pb_row][\/et_pb_section]<\/p>\n","protected":false},"excerpt":{"rendered":"<p>Obra construida Proyecto de una vivienda unifamiliar estructurada en tres niveles para unos clientes que no pod\u00edan tomar el sol por motivos de salud. Este factor propici\u00f3 que la planta baja, que se relaciona con el jard\u00edn, fuera muy vidriada pero con porches que la protegieran incluso sobre la piscina. La planta noble es el [&hellip;]<\/p>\n","protected":false},"author":1,"featured_media":196,"comment_status":"open","ping_status":"closed","template":"","meta":{"_et_pb_use_builder":"on","_et_pb_old_content":"","_et_gb_content_width":"","footnotes":""},"project_category":[6],"project_tag":[],"class_list":["post-190","project","type-project","status-publish","has-post-thumbnail","hentry","project_category-proyectos"],"_links":{"self":[{"href":"https:\/\/rabassaarquitectura.com\/index.php?rest_route=\/wp\/v2\/project\/190","targetHints":{"allow":["GET"]}}],"collection":[{"href":"https:\/\/rabassaarquitectura.com\/index.php?rest_route=\/wp\/v2\/project"}],"about":[{"href":"https:\/\/rabassaarquitectura.com\/index.php?rest_route=\/wp\/v2\/types\/project"}],"author":[{"embeddable":true,"href":"https:\/\/rabassaarquitectura.com\/index.php?rest_route=\/wp\/v2\/users\/1"}],"replies":[{"embeddable":true,"href":"https:\/\/rabassaarquitectura.com\/index.php?rest_route=%2Fwp%2Fv2%2Fcomments&post=190"}],"version-history":[{"count":1,"href":"https:\/\/rabassaarquitectura.com\/index.php?rest_route=\/wp\/v2\/project\/190\/revisions"}],"predecessor-version":[{"id":1094,"href":"https:\/\/rabassaarquitectura.com\/index.php?rest_route=\/wp\/v2\/project\/190\/revisions\/1094"}],"wp:featuredmedia":[{"embeddable":true,"href":"https:\/\/rabassaarquitectura.com\/index.php?rest_route=\/wp\/v2\/media\/196"}],"wp:attachment":[{"href":"https:\/\/rabassaarquitectura.com\/index.php?rest_route=%2Fwp%2Fv2%2Fmedia&parent=190"}],"wp:term":[{"taxonomy":"project_category","embeddable":true,"href":"https:\/\/rabassaarquitectura.com\/index.php?rest_route=%2Fwp%2Fv2%2Fproject_category&post=190"},{"taxonomy":"project_tag","embeddable":true,"href":"https:\/\/rabassaarquitectura.com\/index.php?rest_route=%2Fwp%2Fv2%2Fproject_tag&post=190"}],"curies":[{"name":"wp","href":"https:\/\/api.w.org\/{rel}","templated":true}]}}

<p>[et_pb_section fb_built=»1&#8243; _builder_version=»4.16&#8243; global_colors_info=»{}»][et_pb_row _builder_version=»4.16&#8243; background_size=»initial» background_position=»top_left» background_repeat=»repeat» global_colors_info=»{}» column_structure=»1_2,1_2&#8243;][et_pb_column type=»1_2&#8243; _builder_version=»4.16&#8243; custom_padding=»|||» global_colors_info=»{}» custom_padding__hover=»|||»][et_pb_gallery gallery_ids=»192,193,194,195,196&#8243; fullwidth=»on» _builder_version=»4.16&#8243; pagination_font_size_tablet=»51&#8243; pagination_line_height_tablet=»2&#8243; global_colors_info=»{}»][/et_pb_gallery][/et_pb_column][et_pb_column type=»1_2&#8243; _builder_version=»4.16&#8243; custom_padding=»|||» global_colors_info=»{}» custom_padding__hover=»|||»][et_pb_post_title _builder_version=»4.24.0&#8243; _module_preset=»default» meta=»off» featured_image=»off» hover_enabled=»0&#8243; sticky_enabled=»0&#8243;][/et_pb_post_title][et_pb_text _builder_version=»4.16&#8243; global_colors_info=»{}»]<strong>Obra construida<br />
</strong></p>
<p>Proyecto de una vivienda unifamiliar estructurada en tres niveles para unos clientes que no podían tomar el sol por motivos de salud. Este factor propició que la planta baja, que se relaciona con el jardín, fuera muy vidriada pero con porches que la protegieran incluso sobre la piscina. La planta noble es el núcleo principal dónde se desarrolla el programa más público: estar-comedor, cocina, etc. Esta planta ejerce de sócalo acristalado sobre el que reposa el volumen de la planta segunda, de carácter más privado, y con otras dos habitaciones que se abren al exterior por las esquinas. Por su parte el sótano aprovecha el desnivel del terreno y aparte del párking asume parte del programa habitacional de la casa.</p>
<div id="s3gt_translate_tooltip_mini" class="s3gt_translate_tooltip_mini_box" style="background: initial !important; border: initial !important; border-radius: initial !important; border-spacing: initial !important; border-collapse: initial !important; direction: ltr !important; flex-direction: initial !important; font-weight: initial !important; height: initial !important; letter-spacing: initial !important; min-width: initial !important; max-width: initial !important; min-height: initial !important; max-height: initial !important; margin: auto !important; outline: initial !important; padding: initial !important; position: absolute; table-layout: initial !important; text-align: initial !important; text-shadow: initial !important; width: initial !important; word-break: initial !important; word-spacing: initial !important; overflow-wrap: initial !important; box-sizing: initial !important; display: initial !important; color: inherit !important; font-size: 13px !important; font-family: X-LocaleSpecific, sans-serif, Tahoma, Helvetica !important; line-height: 13px !important; vertical-align: top !important; white-space: inherit !important; left: 31px; top: 47px; opacity: 0.25;">
<div id="s3gt_translate_tooltip_mini_logo" class="s3gt_translate_tooltip_mini" title="Traducir texto seleccionado"></div>
<div id="s3gt_translate_tooltip_mini_sound" class="s3gt_translate_tooltip_mini" title="Escuchar"></div>
<div id="s3gt_translate_tooltip_mini_copy" class="s3gt_translate_tooltip_mini" title="Copiar texto al Portapapeles"></div>
</div>
<p>[/et_pb_text][et_pb_text admin_label=»Botones navegación PROYECTOS» _builder_version=»4.16&#8243; z_index_tablet=»500&#8243; global_colors_info=»{}»]<a href="https://rabassaarquitectura.com/project/portes-de-collserola/">ANTERIOR</a> | <a href="https://rabassaarquitectura.com/project/arolas-barcelona-2017/">SIGUIENTE</a> | <a href="https://rabassaarquitectura.com/proyectos/">PROYECTOS</a><br />
[/et_pb_text][/et_pb_column][/et_pb_row][/et_pb_section]</p>

<p>Obra construida Proyecto de una vivienda unifamiliar estructurada en tres niveles para unos clientes que no podían tomar el sol por motivos de salud. Este factor propició que la planta baja, que se relaciona con el jardín, fuera muy vidriada pero con porches que la protegieran incluso sobre la piscina. La planta noble es el [&hellip;]</p>
